 third derivative of z**6/60 - 41*z**5/30 - z**4/24 + 19*z**3/2 + 220*z**2. Let m be b(41). What is the highest common divisor of m and 76?
4
Let t(k) = -3*k - 27 + 54 + 13*k + 2*k**2 - 22. Let i be t(0). What is the highest common factor of i and 35?
5
Suppose 52*g - 184 = 480 + 272. What is the highest common divisor of g and 9522?
18
Suppose u - 2*u = -92. Suppose u = i + 3*i. Let h(c) = 12*c**2 - 25*c - 29. Let j be h(6). Calculate the greatest common divisor of i and j.
23
Let p be ((-13)/(-26))/(39352/(-3280) + 12). Calculate the highest common factor of 20 and p.
5
Let k be 262/10 - 1/5. Suppose -4*f - 5*w + 34 = 0, -37*f + 32*f - 2*w + 34 = 0. What is the highest common divisor of k and f?
2
Let r(t) = -55*t + 498. Let s be r(9). Suppose 5*a - 37 = s*l, 42 = -18*a + 23*a + 2*l. Calculate the highest common factor of 132 and a.
4
Let u = 260 - 257. Suppose -12*i + 8*i - k = -388, -k + 290 = u*i. Calculate the greatest common factor of i and 70.
14
Let x(y) = 198*y**3 + 7*y - 6. Let z be x(1). Let o = 17 + z. Calculate the highest common factor of 81 and o.
27
Suppose 3*a = 5*o - 45, -a - 3*o = 4*a + 75. Let w be 108/8 + a/(-10). Suppose -w - 4 = -f. What is the greatest common factor of f and 209?
19
Let b be -4 + (2/6 - 1114/(-6)). Let i = b + -165. Calculate the greatest common factor of 544 and i.
17
Let g = -201 - -431. Let f = g - 224. What is the greatest common divisor of f and 96?
6
Suppose -254*i = -23499 + 3687. Let w be 6*((-70)/(-4))/1. Let k = w - i. What is the highest common factor of 27 and k?
27
Suppose -3172*u - 182 = -3195*u + 71. Let o(q) = q**2 - 6*q + 7. Let m be o(5). Suppose -m*p + 205 = 7. Calculate the highest common divisor of p and u.
11
Let c = 724307 - 724291. Let d(x) = -x**3 + 5*x**2 + 8*x - 5. Let a be d(6). Suppose 3*u = a*u - 160. What is the highest common divisor of u and c?
8
Let w = -8327 - -8678. What is the greatest common factor of 65 and w?
13
Let x be (11 - (13 - -1)) + 1123. What is the greatest common divisor of 308 and x?
28
Suppose 252 = 7*h - 245. What is the highest common factor of h and 11999?
71
Let a = -93 + 149. Let o be (-2)/(((-20)/a)/(-5)). Let g be (-97)/(-7) + (-4)/o. Calculate the highest common divisor of 2 and g.
2
Let s(z) be the second derivative of -z**5/20 + 5*z**4/6 - 4*z**3 + 13*z**2/2 - 3*z. Let d be s(6). What is the greatest common factor of d and 13?
13
Suppose 10*k - 32 = 8*k. Suppose -k = 4*q - 8*q. Suppose -q*w - w + 400 = 0. What is the highest common divisor of w and 20?
20
Let t be 6/(-8)*(6 + (-17 - -3)). Let m(d) = 26*d - 148. Let k be m(t). Calculate the greatest common divisor of 40 and k.
8
Suppose -a - 23 - 22 = 0. Let q(j) = 3*j**2 - 7*j + 14. Let v be q(5). Let c = v + a. What is the highest common factor of c and 9?
9
Suppose -39*d + 7772 = -30292. Calculate the greatest common factor of d and 80.
16
Suppose -93 + 43 = -10*h. Suppose 3*x - 351 = -h*t, 0 = 4*x - 6*x + t + 221. What is the highest common divisor of x and 21?
7
Let v(r) = -7*r + 600. Let f be v(37). Calculate the greatest common factor of f and 44.
11
Let u(b) = 4*b**3 + 49*b**2 - 4*b + 30. Let a be u(-8). Calculate the greatest common factor of a and 250.
50
Let k = 718 - -957. What is the greatest common divisor of 50 and k?
25
Let v be 517/88 - (3/(-24) + 0) - -109. Calculate the greatest common factor of v and 65.
5
Let c(y) = 16*y + 134. Let z be c(-4). Calculate the greatest common divisor of 50 and z.
10
Suppose -14 + 23 = 3*w. Suppose -9*x + 18 = -w*x. Suppose 0 = x*k - 7*k + 320. Calculate the greatest common divisor of k and 8.
8
Let z = 106 - 118. Let s = z - -40. What is the highest common factor of s and 14?
14
Let p be 1*((-2)/(-3))/(18/513). Let n be 9*95/5*1. What is the highest common divisor of p and n?
19
Let j(c) = 4*c + 3. Let l be j(3). Let v be (-105)/(-70) - (-545)/(-2). Let y = v - -346. Calculate the greatest common factor of y and l.
15
Let d = -1 - -34. Let c = 389 + -191. What is the highest common divisor of d and c?
33
Let v(l) = -247*l - 2420. Let c be v(-10). Calculate the greatest common divisor of 6925 and c.
25
Suppose 27*f + 9921 = 149241. Suppose -32*c + f = 1608. What is the highest common factor of 185 and c?
37
Suppose 12*n + 4*w = 17*n - 26, 0 = -2*n + 5*w + 24. Suppose n*h - 158 = -3*v + 6*h, 270 = 5*v - 5*h. Calculate the greatest common divisor of v and 2.
2
Let v(z) = 2*z**2 + 9*z + 2. Let a be v(-6). Let k(m) = -m**3 - 71*m**2 - 45*m - 3095. Let b be k(-71). What is the highest common divisor of b and a?
20
Suppose 2*j - 96 = 2*f, -5*f = -0*f + 5*j + 230. Let t = -194 + f. Let d = -142 - t. Calculate the highest common divisor of 9 and d.
9
Suppose 0 = 2*b - 4*a - 654, 2*b - 45*a - 652 = -43*a. Calculate the greatest common factor of b and 910.
65
Let p(z) = -480*z - 450. Let n be p(-1). What is the greatest common factor of 1410 and n?
30
Suppose 4*o = 3*d + 1, 5*o = -3*d + 2*o + 6. Suppose -2*m = 3*n - n, 3*m = 0. Let s be (n + 1)*(5 + -4 - 0). What is the greatest common factor of d and s?
1
Let b(i) = -i**3 + 5*i**2 + 28*i - 10. Let q be b(8). What is the highest common divisor of 5588 and q?
22
Let k be (-1 + 0)/((-2)/30). Let x = -2142 - -2145. Calculate the highest common divisor of k and x.
3
Let g be (-4)/(-22) + (-16950)/(-550). Calculate the greatest common factor of 2294 and g.
31
Suppose 0*v = -5*o - v, -4*v = 5*o. Suppose 447 = -3*s + 5*k - 0*k, 3*s - 2*k + 438 = o. Let l = s - -209. Calculate the highest common divisor of l and 39.
13
Let j be ((-9)/(-4))/1 + (-1)/4. Suppose -j*h = 9 - 23. Let n(s) = -s**3 + 9*s**2 - 11*s + 5. Let p be n(h). Calculate the highest common factor of 13 and p.
13
Let i(m) = -39*m - 1316. Let r be i(-43). Calculate the highest common factor of 38 and r.
19
Suppose -5*k - 32 = -82. Let f(r) = r + k*r + 141*r**3 + 1 + 15*r**2 + 8*r - 142*r**3. Let u be f(16). Calculate the greatest common factor of u and 14.
7
Suppose -5*c = 5, -1224 = -4*f + 2*c + 2*c. Let i = f + -272. What is the greatest common divisor of i and 77?
11
Let j = 3007 - 623. Suppose -j + 752 = -4*p + 4*y, p + 5*y = 390. What is the greatest common factor of p and 45?
45
Suppose 38*t - 32 = 31*t + 31. Calculate the greatest common divisor of t and 423.
9
Suppose 0 = 5*k + 126 - 161. Let z be 690/35 + 2/k. What is the highest common divisor of 16 and z?
4
Let a = -86 - -537. What is the highest common factor of a and 176?
11
Let k(i) = -50*i**3 + 5*i**2 - 47*i - 46. Let c be k(-1). What is the greatest common divisor of c and 54?
2
Suppose 227067 = 444*b - 60*b + 82299. What is the highest common factor of 319 and b?
29
Let i(m) = -m**2 + 9*m - 6. Let f be i(8). Suppose -5*l + 63 = -f*l. Suppose 8*z - 3*z - 4*p = 43, -3 = -z - 2*p. What is the highest common divisor of l and z?
7
Let c = -1063 - -757. Let u = c + 312. Calculate the greatest common divisor of 192 and u.
6
Suppose 5*z = 3*k - 263, -15*k - 490 = -20*k - 2*z. Calculate the greatest common factor of 176 and k.
16
Let d(h) = 35*h**2 + 41*h + 231. Let y be d(-5). What is the highest common divisor of 68 and y?
17
Let y = -2739 + 3481. What is the greatest common factor of y and 318?
106
Let s be (8/6)/(28/252). Let q be s/(-10)*215/(-86). What is the highest common factor of q and 4?
1
Suppose -53*q + 9360 = -39400. Calculate the greatest common factor of 115 and q.
115
Suppose 5*t - 310 = -5*g, 4*g - 20 + 294 = 5*t. Let s be (-4 - 2)*(-1 + 1/3). Let p be s/8 + 9/6 - -85. Calculate the highest common factor of p and t.
29
Suppose 0 = -l + 3*d + d - 6, -4*l - 4*d = 24. Let j be ((8*12)/l)/(-2). Suppose -33 - 31 = -f. Calculate the greatest common factor of j and f.
8
Let m(q) = 31*q - 62. Let b be m(5). Let j be b/279 + (-662)/(-3). Calculate the highest common divisor of 26 and j.
13
Let q(y) be the first derivative of y**3/3 + 15*y**2/2 + 26*y - 115. Let l be q(-17). Calculate the greatest common divisor of l and 100.
20
Let r be (-2350)/(-12) + 2/12. Calculate the greatest common divisor of r and 52.
4
Let q be (-1702 + -15 + 2)*4/(-5). Calculate the highest common divisor of 56 and q.
28
Suppose -2*o = 3*s - 68, 3*s + 8*o - 4*o = 58. Suppose 0 = -3*b - s*b + 1305. Let y be 160/9 - 2/(-9). Calculate the greatest common factor of b and y.
9
Suppose -1742*q = -1743*q + 